Let w(z) = -2*q(z) - t(z). Let n(o) be the first derivative of w(o). Determine n(7).
21
Let z(j) = -163*j**3 + 2 - 2*j**2 + 164*j**3 - 5. Suppose -6 = -19*t + 70. What is z(t)?
29
Let j = -2 - -3. Let q(b) = b**3 + 4*b**2 - 2*b + 5. Let c be -4 + 2 + -2 - -2*2/(-4). Let l(d) = d + 1. Let m(v) = c*l(v) + j*q(v). Determine m(-5).
10
Suppose 21*r - r + 20 = 0. Let a(l) = -1 - 3 + 5. Let o(i) = i**2 - 10. Let b(f) = r*o(f) + 5*a(f). Calculate b(0).
15
Let q(r) be the second derivative of -r**4/12 - 2*r**3/3 - 5*r**2/2 - 58*r. Suppose -4 = -0*l - l. Suppose 0*f = -l*f - 24. Determine q(f).
-17
Suppose 4*l = 2*u + 110, u = -5*l + 6*u + 140. Let f(a) = -l - 1 - a + 1 - 5. Give f(0).
-32
Let o(d) be the first derivative of -d**3 + 47*d**2/2 + 18*d + 39. Let w be o(16). Let r(k) = 2*k**2 - 3*k + 3. Calculate r(w).
5
Let j(x) = 11*x + 223. Let u be j(-20). Suppose -29*d = m - 24*d - 1, -d = -u*m + 19. Let w(y) = y + 1. Calculate w(m).
7
Suppose 0*w - w = 2*j + 4, -3*j - 27 = -2*w. Let z(d) = -258*d**2 - 256*d**2 - 257*d**2 + 2*d - 255*d**2 + 8 + 1025*d**2. What is z(w)?
-16
Let q(p) = 4*p - 17. Let l(x) = -57*x + 323. Let o(j) = -l(j) - 3*q(j). Calculate o(6).
-2
Let y(h) = h + 1. Let w(o) = 154*o + 154*o - 16 + 101*o + 107*o - 427*o + 5*o**2. Let j be w(-18). Give y(j).
3
Let i(q) = 8*q**2 + 3*q + 77. Let n(h) = 5*h**2 + 4*h + 78. Let u(s) = 3*i(s) - 4*n(s). Let k(y) be the first derivative of u(y). Calculate k(2).
9
Let y(a) = 88*a**2 + 53*a + 1. Let b(p) = 31*p**2 + 18*p. Let c(q) = 17*b(q) - 6*y(q). Calculate c(-15).
-51
Let l(g) = g**3 + 5*g**2 + 14*g + 75. Let h be ((-10)/(-4))/(53/(-106)). Give l(h).
5
Let i(m) = -m**3 + 7*m**2 + 10*m - 15. Let l be 6/(2 + 10/(-1 - 9)). Calculate i(l).
81
Let f be (-320)/(-40)*1/1. Suppose 0 = f*z + 241 - 233. Let n(u) be the third derivative of u**6/12 + u**5/30 + u**4/24 + u**2. Give n(z).
-9
Let t(y) = 783*y - 782*y + 1 + 1. What is t(7)?
9
Let k(r) = -32*r**2 - r - 3. Let x = -16259 + 16258. Calculate k(x).
-34
Let w be 216/15 - (-3)/(-30)*4. Suppose -3*n = -4*d - 40, -4*d = 4*n + w - 2. Let v(b) = -3*b - 1. Let c(f) = 4*f + 1. Let a(l) = 5*c(l) + 7*v(l). What is a(d)?
5
Let d(s) be the first derivative of -13 + 2/3*s**3 + 0*s + 0*s**2 + 1/60*s**5 + 1/4*s**4. Let l(z) be the third derivative of d(z). What is l(-4)?
-2
Let i(c) = 16*c**2. Let j = -9983 - -9982. Give i(j).
16
Let k(d) = d - 1. Let q(o) = 25*o + 11. Let n(f) = -2*k(f) - q(f). Let z(a) = -5*a - 2. Let y(u) = -2*n(u) + 11*z(u). Let p = -15 + 8. Calculate y(p).
3
Let b(n) = -89*n + 92*n - 20 + 20 + 26. Let j(u) = 2*u + 17. Let r = 10 - 5. Let t(m) = r*b(m) - 8*j(m). Determine t(-4).
-2
Let u(w) be the first derivative of w**6/360 - w**5/24 - w**4/6 + 107*w**3 - 96. Let j(f) be the third derivative of u(f). Determine j(5).
-4
Let m(x) = x - 1. Suppose i = 8*i + 140. Let j be -3*(-5)/15 + i. Let k = j + 24. Determine m(k).
4
Let t(k) = -k**3 - 2*k**2 + 11*k + 11. Suppose -86 - 25 = 51*u + 144. What is t(u)?
31
Let p(v) be the first derivative of -v**2 - 6*v - 16. Let i be ((-6)/(-14) - 75/(-21)) + -10. What is p(i)?
6
Let g(k) = 3 + 2*k + 2*k - 5*k. Suppose -660 - 2190 = -285*x. Determine g(x).
-7
Let x(d) be the second derivative of d**3/2 - 63*d**2/2 + 2605*d. Calculate x(5).
-48
Let n(j) = 8*j**3 - 4*j**2 - 3*j + 3. Let b(f) = 8*f**3 - 3*f**2 - 2*f + 2. Suppose 31 = -7*l + 10. Let c(d) = l*b(d) + 2*n(d). What is c(1)?
-7
Let w(q) = -q**2 + 4*q - 2. Let b be 4*(-1)/(5/(-100)). Suppose 112 = 4*u - 3*k, b = u + 3*u + 5*k. Let j = u - 20. Calculate w(j).
-7
Let p(s) be the second derivative of s**4/4 + 3*s**3 + 5*s**2/2 + 3*s - 103. Give p(-5).
-10
Suppose -4*g + 12 = c, 2*g - 4 = -c + 4. Suppose -5*m - g = -17. Let f(r) = m + 0 - r + 0. Calculate f(-6).
9
Suppose -23*v = 2*u - 20*v + 1, 0 = 5*u + 2*v - 3. Let z(c) be the first derivative of -9*c**4/4 - c**3/3 - c**2/2 + c + 51. What is z(u)?
-10
Let q(h) = h**2 - 6*h + 7. Let y(c) = 5*c**2 - 23*c - 9. Let r be y(5). Suppose -2*w + 15 = r. Determine q(w).
14
Let p(y) = -2*y + 3*y - 6 + 5. Let g be 2/3*30 + (-4 - -5). Suppose 0 = g*w - 55 - 50. Determine p(w).
4
Let l(q) = -2*q**2 - 12*q - 20. Let i be -10*((-132)/(-60) - 2). Give l(i).
-4
Let g(k) = -8*k + 31. Let p(v) = 6*v - 21. Let c(b) = 5*g(b) + 7*p(b). Suppose 0 = 4*q + u + 29, 3*u + 39 = q - 5*q. Give c(q).
-4
Let k be 2*2*(2 - (-21)/(-14)). Let h(o) = o + 27 + 2*o**2 + 0*o**k - 29. Let l(r) = 3*r**2 + 2*r - 4. Let t(j) = 5*h(j) - 3*l(j). Calculate t(-2).
8
Let z(y) = -7*y**2 - 27*y + 1. Let d(a) = -22*a - 148. Let r be d(-7). Let h(x) = x**2 + 3*x. Let p(j) = r*h(j) + z(j). What is p(-7)?
15
Suppose 0 = -7*v + 12 + 30. Let g(f) = 3*f + 2*f + 19*f**2 - 1 - 10*f - 3*f**3. Let i be g(v). Let t(n) = n. What is t(i)?
5
Let k(f) = 4*f + 33. Let t(d) = -2. Let a(p) = -k(p) - 5*t(p). Give a(-12).
25
Suppose w + 163 = 511. Let h = -347 + w. Let k(o) = 13*o**3 + o**2 + o - 1. What is k(h)?
14
Suppose 0 = -4*w + 25 + 19. Let g = -1459 + 1464. Let y(b) = w - g - 13*b - 5. Give y(-1).
14
Let a be 11 - (25 + -12 - 14). Let h(i) = -i**3 + 12*i**2 + 12. Give h(a).
12
Suppose -5*m - 5*a = -3*m + 83, 5*a - 155 = 5*m. Let b = m + 30. Let l(s) = -6 - 2*s + 5 + 6 - s. Calculate l(b).
17
Let c(f) = -f**2 + 35*f - 23. Let n(v) = 22*v - 14. Let a(i) = -5*c(i) + 8*n(i). Determine a(5).
133
Let c = 678507 - 678499. Let u(z) = 6*z**3 - 13*z**2 - 5. Let j(q) = -7*q**3 + 14*q**2 + 4. Let k(y) = 5*j(y) + 6*u(y). Give k(c).
-10
Let f(u) = -5*u + 7. Let n = -11520 - -11512. What is f(n)?
47
Let u(r) be the third derivative of 0 + 5/2*r**3 + 112*r**2 - 1/8*r**4 + 0*r. What is u(5)?
0
Suppose 156*m = -9*m + 825. Let l(b) be the third derivative of -1/24*b**4 + 1/60*b**m + 11*b**2 - 4*b**3 + 0 + 0*b. What is l(0)?
-24
Let q = -139504 + 139505. Let l(p) = p**3 - p - 6*p**3 + p**2 + 0*p**2. Give l(q).
-5
Let c(l) = -13*l + 28 + 17 + 33 - l**2 - 50 + 11. Give c(-16).
-9
Let m(x) = x**2 - 78*x - 3. Let c(n) = -2*n**2 - 76*n + 1. Let q(d) = -c(d) + m(d). Let f be (-2)/(-4) - (-10)/(-4). What is q(f)?
12
Let b be (0 - 6/(-15))*10/(-4). Suppose -q + 15 = 4*u, -9 = -3*q + 5*u - 32. Let y(g) = -1. Let n(i) = i - 2. Let t(w) = q*n(w) + 3*y(w). Calculate t(b).
0
Let i(b) = 4*b + 3 - 14 - 4*b + 7 + 10*b. What is i(3)?
26
Let v(c) = -c**3 + 15*c**2 + 20*c + 29. Let z be v(16). Suppose 3*f = z - 84. Let b(j) = -8*j + 3. Let a(m) = 15*m - 6. Let y(i) = -4*a(i) - 7*b(i). Give y(f).
-9
Let t(j) = -j**3 - 17*j**2 - 57*j + 24. Let a be t(-12). Let c(u) = u**2 + 12*u + 15. Calculate c(a).
15
Suppose -1204 = 7*t - 1295. Let k(v) = -v**3 + 14*v**2 - 12*v - 19. Give k(t).
-6
Suppose 13 = 2*q + 9. Suppose -1 = -3*z - 2*z - y, 2*y - q = -4*z. Suppose -3*a + 9 + 6 = z. Let d(h) = h**3 - 6*h**2 + 8*h - 6. What is d(a)?
9
Let x(g) = -g + 8. Suppose -2*v + 4*v + 3*l - 26 = 0, -4*v - 2*l + 36 = 0. Let s = 1484 - 1484. Suppose s = v*m - 5*m. Determine x(m).
8
Let v(j) be the first derivative of j**4/4 + 4*j**3/3 + j**2/2 - 2*j + 534. What is v(-4)?
-6
Let v(u) be the second derivative of u**6/720 - u**5/40 - 9*u**4/2 - u**2 + 77*u. Let c(p) be the third derivative of v(p). Give c(4).
1
Let l be 50/225 + 1 + (-102)/(-27). Let s(i) = -i**2 - 2*i + 22. Determine s(l).
-13
Suppose -4*b = -4*z + 1180, -289 = -6*b + 7*b + 5*z. Let i = b + 283. Let c(w) = -w - 16. Give c(i).
-5
Let d(a) = -2*a - 7. Let r = -4792 - -4798. Calculate d(r).
-19
Let k(w) be the third derivative of 41*w**2 - 1/120*w**5 - 37/6*w**3 + 17/24*w**4 + 0*w + 0. Let n(r) be the first derivative of k(r). Give n(8).
9
Let x(w) = -w**2 + 13*w - 10. Let g(u) = -3*u**2 + 36*u - 30. Let o(m) = 6*g(m) - 17*x(m). Calculate o(-3).
-4
Let l(r) be the second derivative of 3*r**3/2 - 5*r**2/2 + 25*r + 32. Determine l(-1).
-14
Let s(j) = j**3 + 4*j**2 + 3*j + 5. Let r be -2*-9*1/2. Let x(l) = 2*l**2 + l**3 - r - 2*l + 5 - 2*l**3. Let q be x(0). Give s(q).
-7
Let v(i) = -3 - 130*i + 60*i + 66*i. Let z(t) = 0*t**2 - 37 + t**3 + 8*t**2 + 10*t + 23. Let o be z(-6). What is v(o)?
5
Let t(h) = 0*h - 8 - 16*h + 9*h - h**2. Let j be t(-2). Let x(s) = -s - 244*s**3 + 243*s**3 - 1 + s**j + 2*s**2. What is x(3)?
-4
Let b(m) = 2*m**3 + 106*m**2 + m + 56. Let i be b(-53). Let r(k) = -k**3 - 2*k**2 - 3*k + 6. Give r(i).
-48
Suppose -2*m = 2*d + 4 - 2, 4*m - 5*d - 32 